of y and o.
4
Let y(v) = v + 12. Let s be y(-10). Let d be 72/(-45)*(-10)/s. Suppose 6*w - d = 2*w. What is the greatest common divisor of 3 and w?
1
Let v = 786 - 738. Calculate the greatest common divisor of v and 1.
1
Let m be ((-3)/6)/(2/(-16)). Let s(n) = 17*n + 2 - 3 + 14*n - 3. Let i be s(m). Calculate the highest common factor of i and 15.
15
Suppose h - 4*p - 26 = -0*h, h + p = 1. Suppose h*l + 180 = 11*l. What is the highest common factor of 360 and l?
36
Suppose y - 25 = -4*r, -3*y - 3*r - 2*r + 47 = 0. Suppose 1 = -c - 5*j - 3, 0 = -5*c - 3*j + 2. Calculate the greatest common factor of y and c.
1
Suppose 3*k - 5*p - 176 = 380, -5*p = -2*k + 369. Suppose 0 = 6*j - 3*j - 102. Let a be j/(1*6/3). Calculate the greatest common factor of k and a.
17
Let g(o) be the second derivative of 9*o**5/10 - o**4/12 + o**2/2 - 15*o. Let f be g(1). Calculate the greatest common divisor of 63 and f.
9
Let o(m) = 7 - 2*m + 2*m - 3*m + 2*m. Let y be o(-15). What is the highest common factor of y and 154?
22
Suppose 57*v - 54*v = 3444. Calculate the greatest common factor of v and 246.
82
Suppose 5*a - 1003 - 117 = 0. Suppose c - a = -c. Let s(z) = 3*z**2 - 29*z + 72. Let g be s(7). What is the greatest common divisor of c and g?
16
Suppose 0*i + 4*i - 2*t - 22 = 0, 2*i = -5*t - 19. Let r be (-1 + -1)/(-2) + 17. Suppose g = i*g - r. Calculate the highest common divisor of 9 and g.
9
Let u(r) = -3*r**3 + r**2. Let z be u(-1). Suppose 0 = 5*m - z*x - 483, -5*m + 5*x + 334 = -146. Calculate the highest common factor of m and 11.
11
Let q = 56 + -54. Suppose -3*x + 16 = d, 0 = 2*d + 7*x - q*x - 34. What is the highest common divisor of d and 88?
22
Let m be ((-459)/(-72))/(-17) + (3852/32)/9. Let v = 311 - 220. Calculate the greatest common divisor of m and v.
13
Suppose z + 2*z - 5*y + 11 = 0, 0 = -2*z - 5*y + 26. Suppose -3*n - z*n + 216 = 0. Calculate the greatest common factor of 324 and n.
36
Let j = -65 - -65. Suppose -72 - 50 = -3*b + 5*c, b + c - 46 = j. Suppose 2 = -n + 6. Calculate the highest common divisor of n and b.
4
Let t(y) = 5*y**2 - 7*y - 36. Let s be t(7). What is the highest common divisor of 60 and s?
20
Let r be 2 - 7/(14/(-4)). Suppose 5*t + r = -2*z + z, 0 = 3*t + 6. Let h be -15*3/(-2 - 1). Calculate the greatest common divisor of h and z.
3
Let b be ((-9)/(-6))/(-8 - 2807/(-350)). Calculate the greatest common divisor of 525 and b.
75
Let m = -98 - -228. Let z(u) = -u**3 + 19*u**2 - 35*u + 43. Let a be z(17). Calculate the highest common divisor of a and m.
26
Suppose -t - 5*l = -2*l - 51, -t = 2*l - 47. What is the greatest common divisor of t and 858?
39
Let m = -157 - -107. Let a = 74 + m. Calculate the highest common divisor of a and 3.
3
Let r be 1 + 67 - 45/9. Suppose 2*o + o = 0. Suppose -33 = -3*h + 3*a, 2*a + 13 = h - o*h. Calculate the highest common factor of h and r.
9
Let w be 5/((-15)/(-12)) + (121 - -27). Calculate the highest common factor of w and 56.
8
Suppose -w = -i - 6, -4*w + 0*i = i - 14. Let b(n) = -2*n**3 + 4*n + 4. Let y be b(-2). What is the highest common divisor of y and w?
4
Let r(u) = 28*u + 120. Let h be r(-4). Calculate the highest common factor of h and 1256.
8
Let l(v) = -v**3 + 5*v**2 - v - 1. Let b be l(5). Let m = 28 + b. Let x = 38 - m. What is the greatest common factor of x and 144?
16
Let q be ((4 - 0) + 2)*(-3)/(-6). Suppose q + 1 = 2*k. Suppose 5*x + 20 = 0, -x = -2*l + 12 + 12. Calculate the highest common divisor of l and k.
2
Let l = -2668 - -2722. What is the greatest common factor of l and 1269?
27
Let n = 194 - 162. Calculate the highest common factor of 128 and n.
32
Suppose 80*c - 10925 + 1325 = 0. What is the highest common factor of c and 8?
8
Suppose 0 = -3*h - 4*z + 70, 5*z + 3 = h - 14. Let f(r) = -r - 5. Let k be f(-3). Let j be (3 + k)*(14 + -3). What is the highest common factor of j and h?
11
Suppose -3*o - h + 6 = -2*o, -3*h = -o + 10. Suppose -56 = -o*n + 14. What is the greatest common divisor of n and 5?
5
Let x = -1647 - -3937. What is the highest common factor of x and 10?
10
Let s = -31 + 51. Suppose -f + 5*f + 4*o - s = 0, -f = 3*o - 7. Suppose 2*k + f*w = -8, 0*k - 11 = 2*k + 5*w. What is the greatest common divisor of k and 1?
1
Let f = 16 + -10. Let s be ((0 - f)*-4)/((-6)/(-8)). Calculate the highest common factor of s and 256.
32
Suppose 4*z = 3*z + 21. Let r = 10 + -6. Suppose -r*w + 15 - 436 = -3*x, -2*w = -10. What is the highest common factor of x and z?
21
Let d be -3 + 702 - -4 - 6. Calculate the highest common factor of d and 164.
41
Suppose 2*g - 12 = -0*g. Let l = 1042 - 1040. What is the highest common divisor of l and g?
2
Let p = 454 - 222. What is the highest common divisor of p and 29?
29
Suppose 12 = 4*h, 0 = -k - 3*k + 4*h + 5808. Calculate the highest common factor of k and 15.
15
Suppose -5*n + q - 260 = 0, -2*n + 2*q - 104 = 3*q. Let u = n + 61. What is the greatest common factor of 63 and u?
9
Let y(j) = 7*j**2 + 11*j + 13. Let z be y(-9). What is the greatest common divisor of z and 37?
37
Suppose -c = 6*f - 9*f + 219, 216 = 3*f - 2*c. What is the highest common divisor of f and 1369?
37
Suppose c + r - 892 = 215, 3*r - 15 = 0. Calculate the greatest common divisor of 38 and c.
38
Suppose 0 = 3*v + v - 96. Suppose 4*t + v = 104. Let u = t + -15. Calculate the highest common divisor of 10 and u.
5
Suppose -f = 3*f - 160. Suppose -b + 3*b - f = 0. Let i be 2/(-18) - (-7 - 1940/45). What is the greatest common factor of b and i?
10
Suppose 4*z - 7*z + 204 = 0. Let d = z - 43. Let v be 96/15 - 10/d. What is the greatest common divisor of v and 15?
3
Let p = 295 + -175. Suppose -5*x = 7*x - p. What is the greatest common factor of x and 45?
5
Let m be ((-14)/(-8))/((-9)/(-36)). Let l(z) = -z + m - 8*z + 2*z - 3. Let y be l(-4). What is the greatest common factor of 48 and y?
16
Let w = 230 + -197. Calculate the greatest common divisor of 3 and w.
3
Let w be 31 + 2/8 + (-65)/20. Calculate the greatest common factor of w and 364.
28
Let m = 313 + -220. Calculate the highest common factor of 124 and m.
31
Suppose -c = -29 - 7. Suppose 0 = -5*o + 4*o + c. Calculate the highest common divisor of 6 and o.
6
Let c be (54/(-15))/(2/(-30)). Let t be (88/8 - (-546)/(-30))*(-5)/2. What is the greatest common factor of c and t?
18
Suppose 8*c - 32 = 88. What is the highest common factor of 6 and c?
3
Suppose 11 = 5*p + 31. Let u = p + 29. Calculate the greatest common divisor of 5 and u.
5
Let h(x) = -x**3 + 8*x**2 + 8*x + 11. Let o = 15 - 6. Let s be h(o). Let z be s/(-3) - 3036/(-18). What is the highest common divisor of 21 and z?
21
Suppose -3*q - 34 + 370 = 0. Suppose -2*y = -y - q. Suppose 0 = -3*u - 4*g + 5 + 17, -37 = -3*u - g. Calculate the highest common factor of u and y.
14
Suppose -3*c = -3*k + 13278, -16*k + c = -18*k + 8846. What is the highest common divisor of 28 and k?
28
Let o = -47 - -124. Suppose 3*j - 5*j = 0. Suppose 3*v - 2*x = 14 + 17, 3*v + 4*x - 37 = j. What is the greatest common factor of v and o?
11
Let x(h) = -2*h**3 - h**2 + 8*h + 12. Let q be x(-3). What is the highest common divisor of q and 297?
33
Let w = -35 - -41. Let k be 9/w*(12 - 2). What is the greatest common divisor of k and 60?
15
Let j be (-4)/10 - ((-2931)/5)/3. Calculate the greatest common factor of 65 and j.
65
Let q(v) = v**3 - 24*v**2 - 25*v + 6. Let x be q(25). Suppose 7*h = x*h + 12. Calculate the highest common divisor of h and 60.
12
Suppose -44 = -b - 5*r, -4*b + 5*r + 71 = 4*r. Calculate the greatest common divisor of b and 133.
19
Let k(i) be the third derivative of i**6/8 - i**4/24 + i**3/6 - 9*i**2. Let q be k(1). Calculate the greatest common divisor of 105 and q.
15
Let a = 27 - 28. Let s = a + 37. What is the highest common factor of s and 18?
18
Let l = 1131 + -1076. What is the highest common factor of 165 and l?
55
Let x = 71 - 23. Let w = x - 30. What is the greatest common factor of w and 54?
18
Suppose 4*p - 4*r - 102 = 58, 3*p + r = 136. Let o(f) = f**2 + 3*f + 4. Let b be o(-3). What is the greatest common factor of b and p?
4
Let r be (-9)/12 - (-134)/8. Suppose -15 = 3*a, -2*n - 4*a + 76 = n. Calculate the highest common divisor of r and n.
16
Let b = 571 + -511. Calculate the greatest common factor of b and 160.
20
Let i(b)